{"id":405,"date":"2020-04-05T15:50:30","date_gmt":"2020-04-05T13:50:30","guid":{"rendered":"http:\/\/vingtdeuxconseil.com\/index.php\/audit\/"},"modified":"2020-05-27T16:30:34","modified_gmt":"2020-05-27T14:30:34","slug":"audit","status":"publish","type":"page","link":"https:\/\/vingtdeuxconseil.com\/index.php\/audit\/","title":{"rendered":"Audit"},"content":{"rendered":"<div data-colibri-id=\"405-c1\" class=\"style-454 style-local-405-c1 position-relative\">\n  <!---->\n  <div data-colibri-component=\"section\" data-colibri-id=\"405-c2\" id=\"reusable-sections\" class=\"h-section h-section-global-spacing d-flex align-items-lg-center align-items-md-center align-items-center style-461 style-local-405-c2 position-relative\">\n    <!---->\n    <div class=\"h-separator\" style=\"height: 125px; top: calc(-1px);\">\n      <svg style=\"fill:#03a9f4;\" xmlns=\"http:\/\/www.w3.org\/2000\/svg\" viewBox=\"0 0 1920 9.82\" preserveAspectRatio=\"xMidYMax slice\">\n        <path d=\"M0,.1V5.2H.3A306.66,306.66,0,0,0,56.9,9.8h.2c28.3,0,42.7-2.3,56.6-4.6s28-4.5,56-4.5h3.7a347.74,347.74,0,0,1,39.5,2.6c4.5.6,8.7,1.3,12.8,1.9l2,.3c3.1.6,6.5,1.1,10.1,1.5,11,1.5,24.2,2.7,44.7,2.7H284a318.74,318.74,0,0,0,55.2-4.5C353,3,367.3.7,395.3.7S437.6,3,451.4,5.2c14.2,2.3,28.6,4.6,56.9,4.6h.2c28.3,0,42.7-2.3,56.6-4.6S593.2.7,621.2.7h12.1a14.77,14.77,0,0,1,2.1.1h.1a291.82,291.82,0,0,1,41.7,4.3c13.9,2.3,28.4,4.6,56.6,4.6h.2c28.4,0,42.8-2.3,56.6-4.6S818.7.6,846.7.6,889,2.9,902.8,5.1A317.37,317.37,0,0,0,957,9.8h3.1c28.3,0,42.7-2.3,56.6-4.6S1044.8.7,1072.8.7h1.8a339.45,339.45,0,0,1,45.1,3.1c3.2.5,6.2.9,9.2,1.4,13.9,2.2,28.4,4.6,56.7,4.6h.1c28.4,0,42.8-2.3,56.6-4.6S1270.4.7,1298.4.7s42.3,2.3,56.1,4.5a309.52,309.52,0,0,0,56.8,4.6h.1c28.4,0,42.8-2.3,56.6-4.6s28-4.5,56-4.5h3.7a349.49,349.49,0,0,1,39.6,2.6c4.5.6,8.7,1.3,12.8,1.9l2,.3c3.1.6,6.5,1.1,10.1,1.5,11,1.5,24.2,2.7,44.7,2.7h1.5a318.74,318.74,0,0,0,55.2-4.5C1707.4,3,1721.7.7,1749.7.7S1792,3,1805.8,5.2c14.3,2.3,28.7,4.6,57,4.6h.2c28.3,0,42.7-2.3,56.6-4.6a.6.6,0,0,0,.4-.1V0Z\"><\/path>\n      <\/svg>\n    <\/div>\n    <div class=\"h-section-grid-container h-section-boxed-container\">\n      <div data-colibri-id=\"405-c18\" class=\"h-row-container gutters-row-lg-3 gutters-row-md-3 gutters-row-0 gutters-row-v-lg-3 gutters-row-v-md-3 gutters-row-v-3 style-477 style-local-405-c18 position-relative\">\n        <!---->\n        <div class=\"h-row justify-content-lg-center justify-content-md-center justify-content-center align-items-lg-stretch align-items-md-stretch align-items-stretch gutters-col-lg-3 gutters-col-md-3 gutters-col-0 gutters-col-v-lg-3 gutters-col-v-md-3 gutters-col-v-3\">\n          <!---->\n          <div class=\"h-column h-column-container d-flex h-col-lg-auto h-col-md-auto h-col-auto style-478-outer style-local-405-c19-outer\">\n            <div data-colibri-id=\"405-c19\" class=\"d-flex h-flex-basis h-column__inner h-px-lg-3 h-px-md-3 h-px-3 v-inner-lg-3 v-inner-md-3 v-inner-3 style-478 style-local-405-c19 position-relative\">\n              <!---->\n              <!---->\n              <div class=\"w-100 h-y-container h-column__content h-column__v-align flex-basis-100 align-self-lg-start align-self-md-start align-self-start\">\n                <!---->\n                <div data-colibri-id=\"405-c20\" class=\"h-global-transition-all h-heading style-479 style-local-405-c20 position-relative h-element\">\n                  <!---->\n                  <div class=\"h-heading__outer style-479 style-local-405-c20\">\n                    <!---->\n                    <!---->\n                    <h2 class=\"\">R\u00e9alisation d&#8217;audit<\/h2>\n                  <\/div>\n                <\/div>\n                <div data-colibri-id=\"405-c21\" class=\"h-text h-text-component style-480 style-local-405-c21 position-relative h-element\">\n                  <!---->\n                  <!---->\n                  <div class=\"\">\n                    <p>Anticipez les risques de votre structure ou ceux de la cible que vous envisagez de reprendre.<\/p>\n                    <p>&nbsp;<\/p>\n                  <\/div>\n                <\/div>\n              <\/div>\n            <\/div>\n          <\/div>\n        <\/div>\n      <\/div>\n      <div data-colibri-id=\"405-c25\" class=\"h-row-container gutters-row-lg-2 gutters-row-md-2 gutters-row-0 gutters-row-v-lg-2 gutters-row-v-md-2 gutters-row-v-2 style-1225 style-local-405-c25 position-relative\">\n        <!---->\n        <div class=\"h-row justify-content-lg-center justify-content-md-center justify-content-center align-items-lg-stretch align-items-md-stretch align-items-stretch gutters-col-lg-2 gutters-col-md-2 gutters-col-0 gutters-col-v-lg-2 gutters-col-v-md-2 gutters-col-v-2\">\n          <!---->\n          <div class=\"h-column h-column-container d-flex h-col-lg-auto h-col-md-auto h-col-auto style-1226-outer style-local-405-c26-outer\">\n            <div data-colibri-id=\"405-c26\" class=\"d-flex h-flex-basis h-column__inner h-px-lg-2 h-px-md-2 h-px-2 v-inner-lg-2 v-inner-md-2 v-inner-2 style-1226 style-local-405-c26 position-relative\">\n              <!---->\n              <!---->\n              <div class=\"w-100 h-y-container h-column__content h-column__v-align flex-basis-100 align-self-lg-start align-self-md-start align-self-start\">\n                <!---->\n                <div data-colibri-id=\"405-c27\" class=\"d-block style-1223 style-local-405-c27 position-relative h-element\">\n                  <!---->\n                  <div class=\"h-image__frame-container-outer\">\n                    <div class=\"h-image__frame-container\">\n                      <!---->\n                      <!---->\n                      <img src=\"http:\/\/vingtdeuxconseil.com\/wp-content\/uploads\/2020\/05\/CAV-BLANC22-300x169.png\" class=\"style-1223-image style-local-405-c27-image\">\n                      <div class=\"h-image__frame h-hide-lg h-hide-md h-hide-sm style-1223-frameImage style-local-405-c27-frameImage\"><\/div>\n                    <\/div>\n                  <\/div>\n                <\/div>\n              <\/div>\n            <\/div>\n          <\/div>\n        <\/div>\n      <\/div>\n      <div data-colibri-id=\"405-c22\" class=\"h-row-container gutters-row-lg-2 gutters-row-md-2 gutters-row-0 gutters-row-v-lg-2 gutters-row-v-md-2 gutters-row-v-2 style-1221 style-local-405-c22 position-relative\">\n        <!---->\n        <div class=\"h-row justify-content-lg-center justify-content-md-center justify-content-center align-items-lg-stretch align-items-md-stretch align-items-stretch gutters-col-lg-2 gutters-col-md-2 gutters-col-0 gutters-col-v-lg-2 gutters-col-v-md-2 gutters-col-v-2\">\n          <!---->\n          <div class=\"h-column h-column-container d-flex h-col-lg-auto h-col-md-auto h-col-auto style-1222-outer style-local-405-c23-outer\">\n            <div data-colibri-id=\"405-c23\" class=\"d-flex h-flex-basis h-column__inner h-ui-empty-state-container h-px-lg-2 h-px-md-2 h-px-2 v-inner-lg-2 v-inner-md-2 v-inner-2 style-1222 style-local-405-c23 position-relative\">\n              <!---->\n              <!---->\n              <div class=\"w-100 h-y-container h-column__content h-column__v-align flex-basis-100\">\n                <!---->\n              <\/div>\n            <\/div>\n          <\/div>\n        <\/div>\n      <\/div>\n      <div data-colibri-id=\"405-c3\" class=\"h-row-container gutters-row-lg-2 gutters-row-md-2 gutters-row-0 gutters-row-v-lg-2 gutters-row-v-md-2 gutters-row-v-2 style-462 style-local-405-c3 position-relative\">\n        <!---->\n        <div class=\"h-row justify-content-lg-center justify-content-md-center justify-content-center align-items-lg-stretch align-items-md-stretch align-items-stretch gutters-col-lg-2 gutters-col-md-2 gutters-col-0 gutters-col-v-lg-2 gutters-col-v-md-2 gutters-col-v-2\">\n          <!---->\n          <div class=\"h-column h-column-container d-flex h-col-lg-auto h-col-md-auto h-col-auto style-463-outer style-local-405-c4-outer\">\n            <div data-colibri-id=\"405-c4\" class=\"d-flex h-flex-basis h-column__inner h-px-lg-2 h-px-md-2 h-px-2 v-inner-lg-2 v-inner-md-2 v-inner-2 style-463 style-local-405-c4 position-relative\">\n              <!---->\n              <!---->\n              <div class=\"w-100 h-y-container h-column__content h-column__v-align flex-basis-100 align-self-lg-center align-self-md-center align-self-center\">\n                <!---->\n                <div data-colibri-id=\"405-c5\" class=\"h-text h-text-component style-464 style-local-405-c5 position-relative h-element\">\n                  <!---->\n                  <!---->\n                  <div class=\"\">\n                    <p>Diagnostic de la structure<\/p>\n                  <\/div>\n                <\/div>\n              <\/div>\n            <\/div>\n          <\/div>\n          <div class=\"h-column h-column-container d-flex h-col-lg-auto h-col-md-auto h-col-auto style-465-outer style-local-405-c6-outer\">\n            <div data-colibri-id=\"405-c6\" class=\"d-flex h-flex-basis h-column__inner h-px-lg-2 h-px-md-2 h-px-2 v-inner-lg-2 v-inner-md-2 v-inner-2 style-465 style-local-405-c6 position-relative\">\n              <!---->\n              <!---->\n              <div class=\"w-100 h-y-container h-column__content h-column__v-align flex-basis-100 align-self-lg-start align-self-md-start align-self-start\">\n                <!---->\n                <div data-colibri-id=\"405-c7\" class=\"h-icon style-466 style-local-405-c7 position-relative h-element\">\n                  <!----><span class=\"h-svg-icon h-icon__icon style-466-icon style-local-405-c7-icon\"><!--Icon by Font Awesome (https:\/\/fontawesome.com)--><svg version=\"1.1\" xmlns=\"http:\/\/www.w3.org\/2000\/svg\" xmlns:xlink=\"http:\/\/www.w3.org\/1999\/xlink\" id=\"play\" viewBox=\"0 0 1408 1896.0833\"><path d=\"M1384 927L56 1665q-23 13-39.5 3T0 1632V160q0-26 16.5-36t39.5 3l1328 738q23 13 23 31t-23 31z\"><\/path><\/svg><\/span><\/div>\n              <\/div>\n            <\/div>\n          <\/div>\n          <div class=\"h-column h-column-container d-flex h-col-lg-auto h-col-md-auto h-col-auto style-467-outer style-local-405-c8-outer\">\n            <div data-colibri-id=\"405-c8\" class=\"d-flex h-flex-basis h-column__inner h-px-lg-2 h-px-md-2 h-px-2 v-inner-lg-2 v-inner-md-2 v-inner-2 style-467 style-local-405-c8 position-relative\">\n              <!---->\n              <!---->\n              <div class=\"w-100 h-y-container h-column__content h-column__v-align flex-basis-100 align-self-lg-center align-self-md-center align-self-center\">\n                <!---->\n                <div data-colibri-id=\"405-c9\" class=\"h-text h-text-component style-468 style-local-405-c9 position-relative h-element\">\n                  <!---->\n                  <!---->\n                  <div class=\"\">\n                    <p>R\u00e9daction<\/p>\n                  <\/div>\n                <\/div>\n              <\/div>\n            <\/div>\n          <\/div>\n          <div class=\"h-column h-column-container d-flex h-col-lg-auto h-col-md-auto h-col-auto style-469-outer style-local-405-c10-outer\">\n            <div data-colibri-id=\"405-c10\" class=\"d-flex h-flex-basis h-column__inner h-px-lg-2 h-px-md-2 h-px-2 v-inner-lg-2 v-inner-md-2 v-inner-2 style-469 style-local-405-c10 position-relative\">\n              <!---->\n              <!---->\n              <div class=\"w-100 h-y-container h-column__content h-column__v-align flex-basis-100 align-self-lg-start align-self-md-start align-self-start\">\n                <!---->\n                <div data-colibri-id=\"405-c11\" class=\"h-icon style-470 style-local-405-c11 position-relative h-element\">\n                  <!----><span class=\"h-svg-icon h-icon__icon style-470-icon style-local-405-c11-icon\"><!--Icon by Font Awesome (https:\/\/fontawesome.com)--><svg version=\"1.1\" xmlns=\"http:\/\/www.w3.org\/2000\/svg\" xmlns:xlink=\"http:\/\/www.w3.org\/1999\/xlink\" id=\"play\" viewBox=\"0 0 1408 1896.0833\"><path d=\"M1384 927L56 1665q-23 13-39.5 3T0 1632V160q0-26 16.5-36t39.5 3l1328 738q23 13 23 31t-23 31z\"><\/path><\/svg><\/span><\/div>\n              <\/div>\n            <\/div>\n          <\/div>\n          <div class=\"h-column h-column-container d-flex h-col-lg-auto h-col-md-auto h-col-auto style-471-outer style-local-405-c12-outer\">\n            <div data-colibri-id=\"405-c12\" class=\"d-flex h-flex-basis h-column__inner h-px-lg-2 h-px-md-2 h-px-2 v-inner-lg-2 v-inner-md-2 v-inner-2 style-471 style-local-405-c12 position-relative\">\n              <!---->\n              <!---->\n              <div class=\"w-100 h-y-container h-column__content h-column__v-align flex-basis-100 align-self-lg-center align-self-md-center align-self-center\">\n                <!---->\n                <div data-colibri-id=\"405-c13\" class=\"h-text h-text-component style-472 style-local-405-c13 position-relative h-element\">\n                  <!---->\n                  <!---->\n                  <div class=\"\">\n                    <p>R\u00e9union de pr\u00e9sentation<\/p>\n                  <\/div>\n                <\/div>\n              <\/div>\n            <\/div>\n          <\/div>\n          <div class=\"h-column h-column-container d-flex h-col-lg-auto h-col-md-auto h-col-auto style-473-outer style-local-405-c14-outer\">\n            <div data-colibri-id=\"405-c14\" class=\"d-flex h-flex-basis h-column__inner h-px-lg-2 h-px-md-2 h-px-2 v-inner-lg-2 v-inner-md-2 v-inner-2 style-473 style-local-405-c14 position-relative\">\n              <!---->\n              <!---->\n              <div class=\"w-100 h-y-container h-column__content h-column__v-align flex-basis-100 align-self-lg-start align-self-md-start align-self-start\">\n                <!---->\n                <div data-colibri-id=\"405-c15\" class=\"h-icon style-474 style-local-405-c15 position-relative h-element\">\n                  <!----><span class=\"h-svg-icon h-icon__icon style-474-icon style-local-405-c15-icon\"><!--Icon by Font Awesome (https:\/\/fontawesome.com)--><svg version=\"1.1\" xmlns=\"http:\/\/www.w3.org\/2000\/svg\" xmlns:xlink=\"http:\/\/www.w3.org\/1999\/xlink\" id=\"play\" viewBox=\"0 0 1408 1896.0833\"><path d=\"M1384 927L56 1665q-23 13-39.5 3T0 1632V160q0-26 16.5-36t39.5 3l1328 738q23 13 23 31t-23 31z\"><\/path><\/svg><\/span><\/div>\n              <\/div>\n            <\/div>\n          <\/div>\n          <div class=\"h-column h-column-container d-flex h-col-lg-auto h-col-md-auto h-col-auto style-475-outer style-local-405-c16-outer\">\n            <div data-colibri-id=\"405-c16\" class=\"d-flex h-flex-basis h-column__inner h-px-lg-2 h-px-md-2 h-px-2 v-inner-lg-2 v-inner-md-2 v-inner-2 style-475 style-local-405-c16 position-relative\">\n              <!---->\n              <!---->\n              <div class=\"w-100 h-y-container h-column__content h-column__v-align flex-basis-100 align-self-lg-center align-self-md-center align-self-center\">\n                <!---->\n                <div data-colibri-id=\"405-c17\" class=\"h-text h-text-component style-476 style-local-405-c17 position-relative h-element\">\n                  <!---->\n                  <!---->\n                  <div class=\"\">\n                    <p>Livraison du rapport&nbsp;<\/p>\n                  <\/div>\n                <\/div>\n              <\/div>\n            <\/div>\n          <\/div>\n        <\/div>\n      <\/div>\n    <\/div>\n  <\/div>\n<\/div>","protected":false},"excerpt":{"rendered":"<p>R\u00e9alisation d&#8217;audit Anticipez les risques de votre structure ou ceux de la cible que vous envisagez de reprendre. &nbsp; Diagnostic de la structure R\u00e9daction R\u00e9union de pr\u00e9sentation Livraison du rapport&nbsp;<\/p>\n","protected":false},"author":1,"featured_media":0,"parent":0,"menu_order":0,"comment_status":"closed","ping_status":"closed","template":"page-templates\/full-width-page.php","meta":[],"_links":{"self":[{"href":"https:\/\/vingtdeuxconseil.com\/index.php\/wp-json\/wp\/v2\/pages\/405"}],"collection":[{"href":"https:\/\/vingtdeuxconseil.com\/index.php\/wp-json\/wp\/v2\/pages"}],"about":[{"href":"https:\/\/vingtdeuxconseil.com\/index.php\/wp-json\/wp\/v2\/types\/page"}],"author":[{"embeddable":true,"href":"https:\/\/vingtdeuxconseil.com\/index.php\/wp-json\/wp\/v2\/users\/1"}],"replies":[{"embeddable":true,"href":"https:\/\/vingtdeuxconseil.com\/index.php\/wp-json\/wp\/v2\/comments?post=405"}],"version-history":[{"count":5,"href":"https:\/\/vingtdeuxconseil.com\/index.php\/wp-json\/wp\/v2\/pages\/405\/revisions"}],"predecessor-version":[{"id":2613,"href":"https:\/\/vingtdeuxconseil.com\/index.php\/wp-json\/wp\/v2\/pages\/405\/revisions\/2613"}],"wp:attachment":[{"href":"https:\/\/vingtdeuxconseil.com\/index.php\/wp-json\/wp\/v2\/media?parent=405"}],"curies":[{"name":"wp","href":"https:\/\/api.w.org\/{rel}","templated":true}]}}